{"id":119,"date":"2017-05-28T23:25:47","date_gmt":"2017-05-28T23:25:47","guid":{"rendered":"http:\/\/strongholdthemes.com\/demos\/financier\/demo1\/?page_id=119"},"modified":"2024-02-13T20:33:18","modified_gmt":"2024-02-13T20:33:18","slug":"nosotros","status":"publish","type":"page","link":"https:\/\/aeha-contadores.com\/index.php\/nosotros\/","title":{"rendered":"Nosotros"},"content":{"rendered":"<section class=\"wpb-content-wrapper\"><p>[vc_row][vc_column width=&#8221;1\/2&#8243;][vc_single_image image=&#8221;849&#8243; img_size=&#8221;full&#8221;][\/vc_column][vc_column width=&#8221;1\/2&#8243;]<div class=\"stronghold-heading\"><span class=\"heading-subtitle\" style=\"display:block;  font-size:18px;\">Bienvenido<\/span><h3 style=\"\">\u00bfQuienes Somos?<\/h3><span style=\"background:#0aa4e3;\" class=\"heading-separator\"><\/span><\/div>[vc_empty_space][vc_column_text]Bienvenidos a <em><strong>Aeha Contadores<\/strong><\/em>, su socio de confianza en servicios contables y financieros en Los Cabos. Somos un despacho dedicado a ofrecer soluciones integrales en contabilidad, asesor\u00eda financiera y gesti\u00f3n fiscal para una variedad de clientes, incluyendo peque\u00f1as empresas, grandes corporaciones y asociaciones civiles.[\/vc_column_text][\/vc_column][\/vc_row][vc_row full_width=&#8221;stretch_row&#8221; css=&#8221;.vc_custom_1628076793083{margin-top: 60px !important;padding-top: 50px !important;padding-bottom: 50px !important;background-color: #fafafa !important;}&#8221;][vc_column width=&#8221;1\/2&#8243;]<div class=\"stronghold-heading\"><h3 style=\"\">Misi\u00f3n<\/h3><span style=\"background:#0aa4e3;\" class=\"heading-separator\"><\/span><\/div>[vc_empty_space][vc_column_text]Nuestra misi\u00f3n es proporcionar servicios de alta calidad adaptados a las necesidades \u00fanicas de cada cliente. Con un equipo de expertos altamente calificados y comprometidos, nos esforzamos por ser m\u00e1s que contadores; somos asesores y aliados en el camino hacia el \u00e9xito financiero y empresarial de nuestros clientes.[\/vc_column_text][\/vc_column][vc_column width=&#8221;1\/2&#8243;]<div class=\"stronghold-heading\"><h3 style=\"\">Visi\u00f3n<\/h3><span style=\"background:#0aa4e3;\" class=\"heading-separator\"><\/span><\/div>[vc_empty_space]<div class=\"stronghold-info-list-wrapper\" style=\"\"><div class=\"stronghold-info-list-item\"><div class=\"stronghold-info-list-icon\"><i class=\"fa fa-angle-double-right\" style=\"font-size:20px; color:#0aa4e3;\"><\/i><\/div><div class=\"stronghold-info-list-content\"><div class=\"stronghold-info-list-title\"><h4 style=\"\"><\/h4><\/div><div class=\"stronghold-info-list-desc\"><div style=\"\">La visi\u00f3n de Aeha Contadores es ser reconocidos como el despacho contable l\u00edder en Los Cabos, distinguidos por nuestra calidad insuperable, innovaci\u00f3n y compromiso con la excelencia. Aspiramos a ser el referente en el sector para empresas, corporaciones y asociaciones civiles, conocidos por nuestra habilidad para adaptarnos a las cambiantes necesidades del mercado y por nuestro enfoque personalizado en cada cliente. <\/div><\/div><\/div><\/div><\/div>[\/vc_column][\/vc_row][vc_row css=&#8221;.vc_custom_1628076235536{margin-top: 50px !important;margin-bottom: 70px !important;}&#8221;][vc_column]<div class=\"stronghold-heading\"><span class=\"heading-subtitle\" style=\"display:block;  font-size:18px; text-align: center;\">Profesionales<\/span><h3 style=\" text-align: center;\">Nuestro Equipo<\/h3><span style=\" margin: 0 auto;background:#0aa4e3;\" class=\"heading-separator\"><\/span><\/div>[vc_empty_space]<div class=\"stronghold-team-wrapper\"><div class=\"row\"><div class=\"col-md-4 team-member-block-item team-grid-item\"><div class=\"team-member-block\"><div class=\"team-member-block-img\"><div class=\"hover-overlay\"><i class=\"item-overlay-icon fa fa-link\"><\/i><\/div><img src=\"https:\/\/aeha-contadores.com\/wp-content\/uploads\/2022\/05\/enrique3-370x260.jpg\" alt=\"Team Member Image\"><\/div><\/div><div class=\"team-member-main-detail\"><h5 class=\"team-member-main-name\" style=\"\">Enrique Amar\u00e9 Mares<\/h5> <h6 class=\"team-member-main-pos\" style=\"\">Contador P\u00fablico<\/h6><\/div><\/div><div class=\"col-md-4 team-member-block-item team-grid-item\"><div class=\"team-member-block\"><div class=\"team-member-block-img\"><div class=\"hover-overlay\"><i class=\"item-overlay-icon fa fa-link\"><\/i><\/div><img src=\"https:\/\/aeha-contadores.com\/wp-content\/uploads\/2023\/01\/Alberto-370x260.jpg\" alt=\"Team Member Image\"><\/div><\/div><div class=\"team-member-main-detail\"><h5 class=\"team-member-main-name\" style=\"\">Alberto Hern\u00e1ndez Arroyo<\/h5> <h6 class=\"team-member-main-pos\" style=\"\">Contador P\u00fablico<\/h6><\/div><\/div><div class=\"col-md-4 team-member-block-item team-grid-item\"><div class=\"team-member-block\"><div class=\"team-member-block-img\"><div class=\"hover-overlay\"><i class=\"item-overlay-icon fa fa-link\"><\/i><\/div><img src=\"https:\/\/aeha-contadores.com\/wp-content\/uploads\/2023\/01\/contabilidad-aeha-contadores-07--370x260.jpg\" alt=\"Team Member Image\"><\/div><\/div><div class=\"team-member-main-detail\"><h5 class=\"team-member-main-name\" style=\"\">Roc\u00edo de Le\u00f3n Mac\u00edas<\/h5> <h6 class=\"team-member-main-pos\" style=\"\">Contador P\u00fablico<\/h6><\/div><\/div><\/div> <\/div> [\/vc_column][\/vc_row][vc_row full_width=&#8221;stretch_row&#8221; css=&#8221;.vc_custom_1500068375867{margin-bottom: -20px !important;background-color: #0aa4e3 !important;}&#8221;][vc_column css=&#8221;.vc_custom_1495591136301{padding-top: 0px !important;}&#8221;]<div class=\"stronghold-call-to-action-wrapper\"><div class=\"call-text-wrapper\"><div class=\"call-title\"><h4 style=\"font-size:30px; color:#ffffff;\">\u00bfNecesitas alguna consultor\u00eda ? <\/h4><\/div><\/div><div class=\"call-link\"><a class=\"btn\" href=\"https:\/\/aeha-contadores.com\/index.php\/contact\/\" style=\"font-size:18px;color:#ffffff; background:#07396b;\" data-linkcolor=\"#ffffff\"data-linkbgcolor=\"#07396b\"data-linkhcolor=\"#07396b\"data-linkhbgcolor=\"#ffffff\">Cont\u00e1ctanos<\/a><\/div><\/div>[\/vc_column][\/vc_row]<\/p>\n<\/section>","protected":false},"excerpt":{"rendered":"<p>[vc_row][vc_column width=&#8221;1\/2&#8243;][vc_single_image image=&#8221;849&#8243; img_size=&#8221;full&#8221;][\/vc_column][vc_column width=&#8221;1\/2&#8243;][vc_empty_space][vc_column_text]Bienvenidos a Aeha Contadores, su socio de confianza en servicios contables y financieros en Los Cabos. Somos un despacho dedicado a ofrecer soluciones integrales en contabilidad, asesor\u00eda financiera y gesti\u00f3n fiscal para una variedad de clientes, incluyendo peque\u00f1as empresas, grandes corporaciones y asociaciones civiles.[\/vc_column_text][\/vc_column][\/vc_row][vc_row full_width=&#8221;stretch_row&#8221; css=&#8221;.vc_custom_1628076793083{margin-top: 60px !important;padding-top: 50px !important;padding-bottom: 50px [&hellip;]<\/p>\n","protected":false},"author":1,"featured_media":833,"parent":0,"menu_order":0,"comment_status":"closed","ping_status":"closed","template":"","meta":[],"_links":{"self":[{"href":"https:\/\/aeha-contadores.com\/index.php\/wp-json\/wp\/v2\/pages\/119"}],"collection":[{"href":"https:\/\/aeha-contadores.com\/index.php\/wp-json\/wp\/v2\/pages"}],"about":[{"href":"https:\/\/aeha-contadores.com\/index.php\/wp-json\/wp\/v2\/types\/page"}],"author":[{"embeddable":true,"href":"https:\/\/aeha-contadores.com\/index.php\/wp-json\/wp\/v2\/users\/1"}],"replies":[{"embeddable":true,"href":"https:\/\/aeha-contadores.com\/index.php\/wp-json\/wp\/v2\/comments?post=119"}],"version-history":[{"count":9,"href":"https:\/\/aeha-contadores.com\/index.php\/wp-json\/wp\/v2\/pages\/119\/revisions"}],"predecessor-version":[{"id":883,"href":"https:\/\/aeha-contadores.com\/index.php\/wp-json\/wp\/v2\/pages\/119\/revisions\/883"}],"wp:featuredmedia":[{"embeddable":true,"href":"https:\/\/aeha-contadores.com\/index.php\/wp-json\/wp\/v2\/media\/833"}],"wp:attachment":[{"href":"https:\/\/aeha-contadores.com\/index.php\/wp-json\/wp\/v2\/media?parent=119"}],"curies":[{"name":"wp","href":"https:\/\/api.w.org\/{rel}","templated":true}]}}