{"id":123,"date":"2017-05-28T23:26:55","date_gmt":"2017-05-28T23:26:55","guid":{"rendered":"http:\/\/strongholdthemes.com\/demos\/financier\/demo1\/?page_id=123"},"modified":"2017-05-28T23:26:55","modified_gmt":"2017-05-28T23:26:55","slug":"team-grid","status":"publish","type":"page","link":"https:\/\/aeha-contadores.com\/index.php\/team-grid\/","title":{"rendered":"Team Grid"},"content":{"rendered":"<section class=\"wpb-content-wrapper\"><p>[vc_row][vc_column]<div class=\"stronghold-team-wrapper\"><div class=\"row\"><div class=\"col-md-4 team-member-block-item team-grid-item\"><div class=\"team-member-block\"><div class=\"team-member-block-img team-member-img-zoom\"><a rel=\"external\" href=\"https:\/\/aeha-contadores.com\/index.php\/team\/alberto-hernandez-arroyo\/ \"><img src=\"https:\/\/aeha-contadores.com\/wp-content\/uploads\/2023\/01\/Alberto-370x260.jpg\" alt=\"Service Image\"> <\/a><\/div><\/div><div class=\"team-member-main-detail\"><h5 class=\"team-member-main-name\"><a href=\"https:\/\/aeha-contadores.com\/index.php\/team\/alberto-hernandez-arroyo\/\" style=\"\">Alberto Hern\u00e1ndez Arroyo<\/a><\/h5> <h6 class=\"team-member-main-pos\" style=\"\">Contador P\u00fablico<\/h6><div class=\"team-member-num\"><i class=\"fa fa-phone\"><\/i> <a href=\"tel:624 159 9413\">624 159 9413<\/a><\/div><div class=\"team-member-email\"><i class=\"fa fa-envelope\"><\/i> <a href=\"mailto:alberto.hernandez@aeha-contadores.com\">alberto.hernandez@aeha-contadores.com<\/a><\/div><div class=\"team-member-block-social\"><ul class=\"team-member-block-social-list social-icons-list\"><li class=\"social-icon\"><a class=\"\" href=\"http:\/\/facebook.com\" target=\"_blank\"><\/a><\/li><li class=\"social-icon\"><a class=\"\" href=\"\" target=\"_blank\"><\/a><\/li><li class=\"social-icon\"><a class=\"\" href=\"\" target=\"_blank\"><\/a><\/li><li class=\"social-icon\"><a class=\"\" href=\"\" target=\"_blank\"><\/a><\/li><li class=\"social-icon\"><a class=\"\" href=\"\" target=\"_blank\"><\/a><\/li><\/ul><\/div><div class=\"team-member-main-bio\">In enim justo, rhoncus ut, imperdiet a, venenatis vitae, justo. Nullam dictum felis eu pede mollis pretium. Integer tincidunt. Cras dapibus. Vivamus elementum semper nisi. Aenean vulputate eleifend tellus. Aenean leo ligula, porttitor eu, consequat vitae, eleifend ac, enim. <\/div><\/div><\/div><div class=\"col-md-4 team-member-block-item team-grid-item\"><div class=\"team-member-block\"><div class=\"team-member-block-img team-member-img-zoom\"><a rel=\"external\" href=\"https:\/\/aeha-contadores.com\/index.php\/team\/enrique-amare-mares\/ \"><img src=\"https:\/\/aeha-contadores.com\/wp-content\/uploads\/2022\/05\/enrique3-370x260.jpg\" alt=\"Service Image\"> <\/a><\/div><\/div><div class=\"team-member-main-detail\"><h5 class=\"team-member-main-name\"><a href=\"https:\/\/aeha-contadores.com\/index.php\/team\/enrique-amare-mares\/\" style=\"\">Enrique Amar\u00e9 Mares<\/a><\/h5> <h6 class=\"team-member-main-pos\" style=\"\">Contador P\u00fablico<\/h6><div class=\"team-member-num\"><i class=\"fa fa-phone\"><\/i> <a href=\"tel:624 159 9413\">624 159 9413<\/a><\/div><div class=\"team-member-email\"><i class=\"fa fa-envelope\"><\/i> <a href=\"mailto:enrique.amare@aeha-contadores.com\">enrique.amare@aeha-contadores.com<\/a><\/div><div class=\"team-member-block-social\"><ul class=\"team-member-block-social-list social-icons-list\"><li class=\"social-icon\"><a class=\"\" href=\"http:\/\/facebook.com\" target=\"_blank\"><\/a><\/li><li class=\"social-icon\"><a class=\"\" href=\"\" target=\"_blank\"><\/a><\/li><li class=\"social-icon\"><a class=\"\" href=\"\" target=\"_blank\"><\/a><\/li><li class=\"social-icon\"><a class=\"\" href=\"\" target=\"_blank\"><\/a><\/li><li class=\"social-icon\"><a class=\"\" href=\"\" target=\"_blank\"><\/a><\/li><\/ul><\/div><div class=\"team-member-main-bio\">In enim justo, rhoncus ut, imperdiet a, venenatis vitae, justo. Nullam dictum felis eu pede mollis pretium. Integer tincidunt. Cras dapibus. Vivamus elementum semper nisi. Aenean vulputate eleifend tellus. Aenean leo ligula, porttitor eu, consequat vitae, eleifend ac, enim. <\/div><\/div><\/div><div class=\"col-md-4 team-member-block-item team-grid-item\"><div class=\"team-member-block\"><div class=\"team-member-block-img team-member-img-zoom\"><a rel=\"external\" href=\"https:\/\/aeha-contadores.com\/index.php\/team\/rocio-de-leon-macias\/ \"><img src=\"https:\/\/aeha-contadores.com\/wp-content\/uploads\/2023\/01\/contabilidad-aeha-contadores-07--370x260.jpg\" alt=\"Service Image\"> <\/a><\/div><\/div><div class=\"team-member-main-detail\"><h5 class=\"team-member-main-name\"><a href=\"https:\/\/aeha-contadores.com\/index.php\/team\/rocio-de-leon-macias\/\" style=\"\">Roc\u00edo de Le\u00f3n Mac\u00edas<\/a><\/h5> <h6 class=\"team-member-main-pos\" style=\"\">Contador P\u00fablico<\/h6><div class=\"team-member-num\"><i class=\"fa fa-phone\"><\/i> <a href=\"tel:624 159 9413\">624 159 9413<\/a><\/div><div class=\"team-member-email\"><i class=\"fa fa-envelope\"><\/i> <a href=\"mailto:rocio.deleon@aeha-contadores.com\">rocio.deleon@aeha-contadores.com<\/a><\/div><div class=\"team-member-block-social\"><ul class=\"team-member-block-social-list social-icons-list\"><li class=\"social-icon\"><a class=\"\" href=\"http:\/\/facebook.com\" target=\"_blank\"><\/a><\/li><li class=\"social-icon\"><a class=\"\" href=\"\" target=\"_blank\"><\/a><\/li><li class=\"social-icon\"><a class=\"\" href=\"\" target=\"_blank\"><\/a><\/li><li class=\"social-icon\"><a class=\"\" href=\"\" target=\"_blank\"><\/a><\/li><li class=\"social-icon\"><a class=\"\" href=\"\" target=\"_blank\"><\/a><\/li><\/ul><\/div><div class=\"team-member-main-bio\">In enim justo, rhoncus ut, imperdiet a, venenatis vitae, justo. Nullam dictum felis eu pede mollis pretium. Integer tincidunt. Cras dapibus. Vivamus elementum semper nisi. Aenean vulputate eleifend tellus. Aenean leo ligula, porttitor eu, consequat vitae, eleifend ac, enim. <\/div><\/div><\/div><\/div> <\/div> [\/vc_column][\/vc_row]<\/p>\n<\/section>","protected":false},"excerpt":{"rendered":"<p>[vc_row][vc_column][\/vc_column][\/vc_row]<\/p>\n","protected":false},"author":1,"featured_media":0,"parent":0,"menu_order":0,"comment_status":"closed","ping_status":"closed","template":"","meta":[],"_links":{"self":[{"href":"https:\/\/aeha-contadores.com\/index.php\/wp-json\/wp\/v2\/pages\/123"}],"collection":[{"href":"https:\/\/aeha-contadores.com\/index.php\/wp-json\/wp\/v2\/pages"}],"about":[{"href":"https:\/\/aeha-contadores.com\/index.php\/wp-json\/wp\/v2\/types\/page"}],"author":[{"embeddable":true,"href":"https:\/\/aeha-contadores.com\/index.php\/wp-json\/wp\/v2\/users\/1"}],"replies":[{"embeddable":true,"href":"https:\/\/aeha-contadores.com\/index.php\/wp-json\/wp\/v2\/comments?post=123"}],"version-history":[{"count":0,"href":"https:\/\/aeha-contadores.com\/index.php\/wp-json\/wp\/v2\/pages\/123\/revisions"}],"wp:attachment":[{"href":"https:\/\/aeha-contadores.com\/index.php\/wp-json\/wp\/v2\/media?parent=123"}],"curies":[{"name":"wp","href":"https:\/\/api.w.org\/{rel}","templated":true}]}}